he prime factors of y?
2
Let k(f) be the first derivative of -3*f**4/2 + 19*f**3/3 + 25*f**2 - 7*f + 126. What are the prime factors of k(-6)?
7, 239
Let u(z) be the first derivative of -z**3 - 2*z**2 + z - 1. Let i be u(-2). List the prime factors of 426/18 - (-2)/i.
23
Suppose -106*t + 179*t + 1043560 = 108*t. List the prime factors of t.
2, 3727
Let g(v) = 481*v + 2. Let i be g(-3). Let f = i - -2164. List the prime factors of f.
3, 241
What are the prime factors of ((-6864)/17017 - (-4)/34) + 171616/14?
2, 3, 227
Let r(s) = -19*s**3 + 27*s**2 + 40*s + 154. List the prime factors of r(-9).
2, 1979
Let x(u) = -414*u - 62. Let q be x(-6). Suppose 3*m - 2377 = -4*y, 30*y - 25*y + q = 3*m. List the prime factors of m.
17, 47
Suppose 21*n - 29*n = -7784. Suppose -4*p = 0, 473 + n = 3*s + 5*p. List the prime factors of s.
2, 241
What are the prime factors of 10/(-8) - ((-31961)/4 - 32)?
13, 617
Suppose 8*a + 6208 = -408. Let r = a - -579. What are the prime factors of (-7)/(35/(-20)) - r?
2, 3, 7
Suppose -4*n + 6*n - 96 = 0. Let w be n/56*14/2. Suppose 0 = 3*s + 2*j - 445, -w*s + 2*s = -3*j - 565. What are the prime factors of s?
5, 29
Let c = 1723 - 4711. List the prime factors of (c/(-45))/(2/15).
2, 3, 83
List the prime factors of 78960 - (670/(-603) - 186/27).
2, 9871
Suppose 19*b - 24 = 7*b. What are the prime factors of 49/((-3)/(b + -8))?
2, 7
Let v(j) = -2 - 9*j - 13 + 25 - 19 + 3*j**2. List the prime factors of v(7).
3, 5
List the prime factors of -8 + -20 + 15 + 33627.
2, 7
Let g(q) = 5*q - 5. Let y be g(2). Suppose 2*m = 3*t + 29 - 287, -2*m = -y*t + 430. List the prime factors of t.
2, 43
Suppose a + n - 3 = 4*n, -5*n - 25 = -3*a. Let c be (-2)/(-5) - (-54)/a. What are the prime factors of 128 - c*1/(-2)?
2, 5, 13
Let m(j) = 4*j**3 - 7*j**2 + 2*j - 6. Let u be m(5). Let f(p) = -p**3 - 12*p - 15. Let h be f(5). Let k = h + u. List the prime factors of k.
3, 43
Suppose -c + 70 = 5*v, -4*v + 2 = -5*v + 3*c. Let k = -44 + v. What are the prime factors of ((-20)/70 - k/(-14))*-62?
5, 31
Suppose 636*l - 16401 = -3*o + 632*l, -4*l = 12. What are the prime factors of o?
5471
Let y = -33427 + 87895. What are the prime factors of y?
2, 3, 17, 89
Let u = 19592 - 3145. List the prime factors of u.
16447
Let i be 0 - (-5)/5 - 3. Let v be 2/(-4) + (-63)/i. What are the prime factors of v + ((-6)/9 - -1)*0?
31
Suppose -2967274 - 3836978 = -134*i. List the prime factors of i.
2, 3, 7, 13, 31
Let x be (369/(-81) + 5)*(8 + 1). Suppose 2*m - 572 = -x*b, 0*b - b = -4. List the prime factors of m.
2, 139
Let s(m) = -43*m + 105. Let r(k) = k**3 - 5*k**2 + 8*k - 55. Let l be r(5). What are the prime factors of s(l)?
2, 3, 5
Suppose -o + 3*s + 11532 = 0, 8*s - 13*s = -2*o + 23058. List the prime factors of o.
2, 3, 19, 101
Suppose -5*k = y - 6*k - 1454, -4*k = -5*y + 7275. Let g = -1041 + y. What are the prime factors of g?
2, 11, 19
Suppose -9*x = -14*x + 10. Suppose -9*v = x*v + 2145. Let u = 333 + v. List the prime factors of u.
2, 3, 23
Let l(j) = -25*j - 1. Let y be l(-1). Let h be ((-28)/(-5))/(y/(-11520)). What are the prime factors of (h/10)/(-3) + 12/30?
2, 3, 5
Let z = -4881 - -13442. List the prime factors of z.
7, 1223
List the prime factors of (7/((-21)/(-3546)))/((-408)/(-16592)).
2, 61, 197
Suppose 0*r - 212 = -4*r. Let c(a) = a**2 - 10*a + 38. Let i be c(12). Let b = i + r. List the prime factors of b.
5, 23
Suppose 0 = 10*s - 14*s - 200. Let j = -45 - s. Suppose 0 = 4*l - 8, 79 = 4*q + j*l + 21. What are the prime factors of q?
2, 3
Let x be 2/15 + (-268)/(-15). List the prime factors of x/153 - (-5353)/17.
3, 5, 7
Suppose g = -0*g + 5. Suppose -3*z + 38 - 7 = -4*d, 4*z = g*d + 40. Suppose -z*p + 720 = 4*p. List the prime factors of p.
2, 5
Suppose 5*v = 4*s - 28, -s + 14*v - 13*v = -6. Suppose 342 = s*w + 13*c - 17*c, -504 = -3*w - 3*c. What are the prime factors of w?
13
Let n be 38/(-12) + (-14)/(-84). Let d(m) = 4*m + 14. Let x be d(n). Suppose -4*t = -5*v - 349, -x*t - 5*v + 3*v + 152 = 0. List the prime factors of t.
3
Let t(b) = -5*b - 5. Let o be t(-12). Suppose -44*u + o*u - 9757 = 0. List the prime factors of u.
887
Let o be (-6)/(-9) + 163/3. Let p = o + -35. Suppose a = -a + 2*i + 20, 4*i = -2*a + p. List the prime factors of a.
2, 5
Suppose 2*h = 383 + 2929. Suppose -1650*y = -h*y + 492. List the prime factors of y.
2, 41
Let x = -866 + 1644. Suppose 0 = l + 3*o - 384, -x = -2*l + 11*o - 15*o. What are the prime factors of l?
3, 7, 19
Suppose x - 4640 = 5*x. Let c = x - -1965. Suppose -21*t + 14*t = -c. List the prime factors of t.
5, 23
Suppose 591*h = 575*h + 257504. List the prime factors of h.
2, 13, 619
Suppose -5*s - 3*v = -114630, -3*s + 66502 + 2276 = 5*v. What are the prime factors of s?
2, 3, 3821
Suppose -5 - 2 = n + 3*r, 2*r = 3*n - 12. Let p(g) = 2*g**2 + 4*g + 4. Let x be p(5). Suppose -c = -n*c + x. What are the prime factors of c?
2, 37
Suppose -4*h = 3*l - 432, 0 = 3*l - 16*h + 19*h - 429. What are the prime factors of (180/(-42))/((-6)/l)?
2, 5
Suppose 6*x - 20*x + 22388 = -296364. What are the prime factors of x?
2, 1423
Let q be (-8)/(-2)*(10 - 9). Suppose -1887 = -5*s - q*t + 808, -5*t = -25. List the prime factors of s.
5, 107
Let p(z) = z**2 - 4*z + 230. Let y(j) = -j**3 + 17*j**2 - 18*j + 36. Let c be y(16). Suppose 0 = -18*h + c*h. What are the prime factors of p(h)?
2, 5, 23
Suppose -13*s - 36071 = -118998. What are the prime factors of s?
6379
What are the prime factors of -4*((-18345)/10 - -3)?
2, 3, 11, 37
Let b = 24 + -31. Let m = -5 + b. Let w = 24 + m. What are the prime factors of w?
2, 3
Let s be (-12)/28*6*-511. Suppose 10 = -5*g, -4*o - 8*g = -7*g - s. List the prime factors of o.
7, 47
Suppose 0*z + 15*z - 45 = 0. Suppose 0 = 2*d + 4*b, z*d = -5*b + 3*b. Suppose 56*j - 52*j - 484 = d. What are the prime factors of j?
11
Suppose 11*f = 2*f + 1017. Suppose -2*g + 1077 = f. List the prime factors of g.
2, 241
Let u = -22600 - -35796. List the prime factors of u.
2, 3299
Let v be 18/15 - (-7 + (-568)/(-40)). List the prime factors of 14/v + 3 - 11618/(-6).
13, 149
Let p(n) = n**2 - 5. Let k be p(-2). Let b(c) = c + 2. Let v(x) = 16*x + 71. Let l(z) = k*v(z) + 2*b(z). What are the prime factors of l(-20)?
3, 71
Suppose 5*u - 1380 = 5*k, 2*u + 512 = 5*k + 1907. Let q = -152 - k. Let i = -53 + q. List the prime factors of i.
2, 19
Let x = -138 + 189. What are the prime factors of (1158/10 + -2)/(x/255)?
569
Let c(n) = -242*n**3 + 5*n**2 + 14*n + 6. List the prime factors of c(-4).
2, 7759
Suppose -9 = k + 4*m, 0 = 2*k - 2*m + 3 - 15. Suppose 5*b - k*z = b - 23446, 0 = 5*z + 10. What are the prime factors of (26/(-10) - -2) + b/(-55)?
2, 53
Let b(a) = -5965*a - 628. What are the prime factors of b(-2)?
2, 5651
Suppose q + 2*p - 191 = 496, 3*q - 5*p - 2061 = 0. What are the prime factors of q?
3, 229
Suppose 2*f - 7 = -3*y - 0*f, 2*y - 22 = 3*f. Suppose -3*z + g - 561 = -2*g, -923 = y*z - g. Let h = -78 - z. What are the prime factors of h?
2, 53
Let a be 2/8 + 55/20 + 2. Suppose 4*w = 3*n - n - 1764, 4*w - a*n = -1770. Let i = w - -652. List the prime factors of i.
2, 53
List the prime factors of (-72)/16*(-20692)/14.
3, 739
Suppose 83733 = 24*l - 271371. What are the prime factors of l?
2, 3, 137
Let b(g) = -1229*g + 113. What are the prime factors of b(-9)?
2, 37, 151
Suppose 2*a + 5*u = 16369, u - 99 + 106 = 0. What are the prime factors of a?
2, 3, 1367
Let c = 38 - 560. Suppose -3920 = -5*d + 98*g - 103*g, -4*g = 5*d - 3923. Let f = c + d. List the prime factors of f.
5, 53
Let i(h) = -h**2 - 3*h + 13. Let r be i(2). Suppose -r*z = -2*z - 761. What are the prime factors of z?
761
Let i be 7 + -10 + -2 + 10. Suppose 4*q - 2*w - 1955 = 1557, -4*q + i*w = -3506. List the prime factors of q.
3, 293
Let l(y) = -2127*y - 1297. List the prime factors of l(-11).
2, 5, 13, 17
Let n(t) = -2*t**2 - 27*t - 6. Let g be n(-13). Suppose 5*c = 103 + g. Let m = c + 107. List the prime factors of m.
3, 43
Suppose 0 = -2*j + j + 2. Suppose -5*q + 15 = 2*x, 45*q - 42*q = 2*x + 9. Suppose 0 = -3*z - z - q*d + 477, 5*z + j*d - 591 = 0. List the prime factors of z.
3, 13
Suppose 0 = -2*n + i + 20064, -5*i = 2*n - 12689 - 7399. List the prime factors of n.
2, 29, 173
Let c be (-6 - (-15)/(-5))/((-1)/6). Let i be c